b).
2
Let o(c) be the first derivative of -c**5/30 - c**4/12 + c**3/6 + 37*c**2/2 - 119. Let h(a) be the second derivative of o(a). Determine h(2).
-11
Let m(k) = 13*k**3 - 35*k**2 + 60*k + 307. Let c(h) = 8*h**3 - 22*h**2 + 37*h + 189. Let n(u) = -34*c(u) + 21*m(u). Let d = 17 - 30. Determine n(d).
-5
Let x(o) = o**3 - 3*o**2 + 8*o - 5. Suppose 0 = -3*y + 2373 - 2358. Determine x(y).
85
Let h(d) = d**2 + 5*d + 7. Let a = -68 + -339. Let b = 401 + a. What is h(b)?
13
Suppose 160*g = -21*g + 86*g + 475. Let a(s) = 12. Let t(l) = l - 12. Let o(q) = 2*a(q) + 3*t(q). Calculate o(g).
3
Let x(i) = -33*i - 510. Let y(h) = -13*h - 207. Let z(r) = 5*x(r) - 12*y(r). Calculate z(-5).
-21
Let w = 103 + -113. Let l(b) be the first derivative of -b**4/4 - 10*b**3/3 - b**2/2 - 7*b + 59. What is l(w)?
3
Let r be -4*(0 - 10/8). Suppose 6*m - 2*m - 8 = 0. Let i(h) = 5*h + 2*h**2 - 4 - h**m + 5*h**2 - 2*h**2 - h**3. What is i(r)?
-4
Let n(p) be the first derivative of -p**4/4 - 7*p**3/3 - 3*p**2 - 4*p - 67. Let g be 38/57 - (-60)/(-9). Calculate n(g).
-4
Let c(k) = -k + 3. Suppose -6 = -6*q + 3*q, 3*r = 2*q + 320. Suppose -24*g + 6*g = -r. Calculate c(g).
-3
Let o = -1 - 3. Let y be (-4)/(((-64)/o)/(-4)). Let d(a) = 0 + 4 + a - 1 - y + a**3 - 4*a**2. Determine d(2).
-4
Suppose 7*t - 2*t - 25 = 2*l, -l - 17 = -4*t. Let u(f) be the second derivative of f**4/12 - f**3/2 - 712*f. Calculate u(t).
0
Let a(l) be the third derivative of 0*l + 3/2*l**3 - 2*l**2 + 1/3*l**4 - 1/60*l**5 - 2. Calculate a(10).
-11
Suppose -3*z + 3*t = -0*t + 18, -4*z = -5*t + 26. Let d(n) = 5364*n - 6 - n**2 - 5366*n + 4. Determine d(z).
-10
Let n(b) = 2*b**3 - 5 + 9*b**2 - 3*b - 5*b - 3*b**3. Let x(h) = 7*h - 11. Let v(a) = -5*a + 9. Let j(c) = 3*v(c) + 2*x(c). Let f be j(-3). What is n(f)?
-5
Let p = 206 - 192. Let u(c) = -10*c - 61*c**2 + 12 - p + 60*c**2. Determine u(-9).
7
Let s(h) = -14*h**2 + 87*h - 22. Let g(j) = -40*j**2 + 241*j - 63. Let i(q) = 6*g(q) - 17*s(q). Determine i(-16).
12
Let t = -231 + 164. Let r = 71 + t. Let v(w) = 6*w + 0*w**2 - r*w**2 + 10*w**2 - 7*w**2. Determine v(6).
0
Let g(j) = -335 - 91 - 738 + 397 - 38*j. Calculate g(-20).
-7
Let f(k) = k - 6. Let c(r) = 11*r**3 + 4*r**2 - 8*r + 5. Let a(v) = -v**2 - 4*v + 22. Let y be a(3). Let o be c(y). Calculate f(o).
6
Let j(p) be the first derivative of 14*p**2 - p - 912. What is j(-1)?
-29
Let q(i) = -i**2 + 8*i - 18. Let d be q(8). Let f = d + 19. Let m(n) be the first derivative of 7*n**2/2 + n + 26. Give m(f).
8
Let u = -1916 + 1922. Let o(i) = -2*i + 37. Calculate o(u).
25
Let g = 1 + 1. Let y(c) = -c + 0*c**2 - 4*c - c**g - 3. Let o be 2987/(-515) - (-8)/10. What is y(o)?
-3
Suppose 3*t = -5*p + 1738, 3*t + 2*p = 4*t - 583. Let k = t + -579. Let q(j) = 5*j - 4. Calculate q(k).
6
Let k(l) = -3*l - 139. Let p(c) = -34*c - 1598. Let x(g) = -69*k(g) + 6*p(g). Give x(-3).
-6
Let d(q) = q**3 - q**2 - q - 47. Suppose 0 = 3*h + 2*s - 47, 2*s = -2*h + s + 33. Suppose h = -3*t + 19. What is d(t)?
-47
Let j(u) = -70 - 15 + u + 86. Suppose -5 = 3*q - 8. Give j(q).
2
Let u = 229 + -522. Let r = -298 - u. Let n(q) = -3*q - 1. Determine n(r).
14
Let v(o) = -o**2 + 66*o + 1218. Let a be v(-15). Suppose 0 = -d + 1. Let t(z) = d + 0 + 5*z - 4. Calculate t(a).
12
Let o(q) = -q**2 + 4*q + 1. Suppose 141*n = -3*g + 144*n + 6, 2*n = -5*g - 11. Give o(g).
-4
Let n = 91 + -81. Let f(b) = -7*b + 33*b + b**2 - n*b - 10*b + 2. Calculate f(-7).
9
Suppose -3*m + 26 = -m + 5*s, -2*s - 4 = -m. Let a(o) = 7*o + 5. Let b(r) = -16 - 19*r + 15 - 15. Let q(v) = 11*a(v) + 4*b(v). Give q(m).
-1
Suppose -96*l + 339*l + 1038 = 70*l. Let v(d) be the second derivative of 4*d**3/3 + 5*d**2/2 + d. Calculate v(l).
-43
Let j(a) be the second derivative of a**4/3 - 31*a. Let u(f) = 5*f - 9. Let b be u(2). Suppose -m = -2*m + b. What is j(m)?
4
Let x(t) = -18*t - 141. Let f(k) = -k - 28. Let v(b) = -5*f(b) + x(b). Calculate v(-2).
25
Suppose 56 = 3*a - 3*l - 13, 4*a - 2*l - 90 = 0. Let q(j) = 2*j - 43. Give q(a).
1
Let r(f) = -57582*f - 57577*f + 2 + 115160*f. Let d be 4 + (0 - -2)/2. Determine r(d).
7
Let b(w) = 55 - 7 - 4*w - 25 + 11*w. Determine b(-3).
2
Let r = 31 + -32. Let o(x) = 12*x**2 + 4*x + 1. Let z be o(r). Suppose -31 = z*n + 14. Let w(a) = -a**2 - 6*a - 2. Calculate w(n).
3
Let q = 7919 - 7917. Let t(x) = 7*x**2 - 4. Determine t(q).
24
Let l be (8/5)/((-1)/(-5)). Let c(t) be the third derivative of -t**5/60 + t**4/3 - 5*t**3/6 - 4*t**2 - 4*t + 379. What is c(l)?
-5
Let a(y) = y. Let d(h) be the second derivative of 7*h**3/6 - 9*h**2/2 - 19*h. Let t(r) = -6*a(r) + d(r). What is t(0)?
-9
Let l(a) = -a**3 - 23*a**2 - 63*a - 54. Let u = -2225 - -2205. What is l(u)?
6
Let z be ((-742)/(-56))/((-2)/(-8)). Suppose -2*h = 4 + 2, -5*r + h = -z. Let g be ((-10)/(-25))/(4/r) + -5. Let i(x) = -x**3 - 3*x**2 + 6*x + 1. What is i(g)?
-7
Let m be 2*-2 - (-1 - -1). Let s be -93*(-4)/(-12)*-7. Let b(h) = 8*h**2 - 213*h + 6 + h**3 + s*h - 3*h**2. Calculate b(m).
6
Suppose -456*b - 2575 - 1699 + 1538 = 0. Let r(j) = j**3 + 5*j**2 - 10*j - 9. Give r(b).
15
Let q(l) = 2*l**3 - l**2 - l + 1. Suppose -18*j + 181 = -539. Let x be 30/j*(-8)/(-3). Calculate q(x).
11
Let i(q) = -q - 10. Let y(t) = -5*t - 18. Let h(x) = -4*i(x) + y(x). What is h(17)?
5
Let j = 1743 - 1768. Let w(b) = -b**2 - 27*b - 47. Calculate w(j).
3
Suppose 0 = -s + c - 8, -275*s + 290*s - 2*c = -133. Let m(q) = -3*q - 22. Let d(n) = -6*n - 44. Let j(w) = 4*d(w) - 7*m(w). Calculate j(s).
5
Let n(h) be the second derivative of h**5/20 - 8*h**4/3 - 52*h**3/3 - 12*h**2 + 7637*h. Calculate n(35).
11
Let r(w) be the second derivative of w**5/20 + 5*w**4/6 + 5*w**3/2 - 7*w**2/2 - 47*w. Suppose -5*g + 60 = -5*i, 0 = -13*i + 8*i - 4*g - 24. What is r(i)?
1
Let z(r) = 2 - 3*r - 1 + 2. Suppose 5*v = 3*k + 1514, 0 = -2*v - 2*k - 3*k + 618. Let u = 306 - v. Determine z(u).
-3
Suppose 5*w - 26 = 4*h, 3*h + 3 = -210*w + 211*w. Let k(l) = l + 9. Determine k(h).
10
Let o = -1511 + 1516. Let t(y) = y**3 - 6*y**2 + 7*y - 7. Calculate t(o).
3
Let r(y) be the first derivative of 8*y**3/3 - 23*y**2/2 + 4*y + 162. Determine r(4).
40
Let w(h) = -2*h**2 - h + 14. Suppose -2*f = g + 3, 368*g = 373*g - 2*f + 27. Give w(g).
-31
Suppose 219*a + 64*a - 566 = 0. Let i(c) be the first derivative of -2*c - 1/2*c**a - 22. Determine i(7).
-9
Let w be 1*(3*1 - 0). Let p(f) = 126*f**2 + 14*f + 2 - 14*f - 64*f**2 - 61*f**2 + 0. What is p(w)?
11
Let h(j) = -13*j**3 - 28*j**2 - 18*j + 9. Let u(p) = -3*p**3 - 7*p**2 - 5*p + 2. Let b(f) = 2*h(f) - 9*u(f). Determine b(-5).
5
Let d be ((-152)/(-32))/(((-2)/(-8))/(-1)). Let x = -23 - d. Let o(s) = s + 6. Calculate o(x).
2
Let f(b) = -b**3 - 5*b**2 + 8*b - 4. Suppose 3*i - 98 + 14 = -4*j, -3*i - 60 = -4*j. Suppose t + j = -2*t. Give f(t).
-16
Let r(m) = -m**2 - 15*m - 38. Let t(f) = -53*f + 1367. Let h be t(26). Give r(h).
6
Let z(b) = b**3 + 11*b**2 - 13*b - 1. Let o be (-1127)/(-28) - (-5)/(-20). Suppose c - o + 52 = 0. Determine z(c).
11
Let t(o) = 29*o**2 - 17*o**2 - 1 - 12*o**2 + 10*o - 9*o**2. Calculate t(2).
-17
Let p(g) be the second derivative of -g**3 + 5*g**2 + 5*g - 52. Determine p(-7).
52
Let a(c) = 4781 + 0*c**2 - 9*c - c**2 + 4797 - 9596. Give a(-4).
2
Let u be (-156)/(-12) + (-14 - -3). Let n(w) = -8*w + 5. What is n(u)?
-11
Let i(a) = -4*a**2 + 23*a**2 - 8*a - 18*a**2. Let k(o) = o**3 - 9*o**2 + 9*o. Let m = -58 + 66. Let j be k(m). Determine i(j).
0
Suppose -193*f = -205*f + 36. Let z(t) be the third derivative of 2/3*t**f + 0*t + 0 - 1/24*t**4 + 12*t**2. Calculate z(-3).
7
Let t(w) be the first derivative of -2*w**3/3 + w**2/2 - 2. Let m(d) = -d + 1. Let u be (-2 - 36/(-15))*(2 + 3). Let k(v) = u*m(v) + t(v). What is k(2)?
-8
Let h(i) be the second derivative of -i**3 + 11*i**2/2 + 4*i + 286. Give h(5).
-19
Let i(a) = 173352*a - 86678*a - 86670*a + 20. Give i(0).
20
Let a(r) = -24*r - 5. Let p = 9521 + -9522. Calculate a(p).
19
Let z(k) = 43*k + 877 - 533 - 276 - 10*k. Give z(-2).
2
Let y(a) = -4*a**2 - 6*a - 3. Let z(f) = f**3 - 14*f**2 + 60*f - 842. Let g be z(14). Determine y(g).
-7
Let c(t) be the third derivative of t**5/60 + 5*t**4/6 + 3*t**3/2 + 16*t**2 + 1. Let x(w) be the first derivative of c(w). Give x(-12).
-4
Let u(o) be the third derivative of 1/24*o**4 + 183*o*